omposite?
True
Is 56299 composite?
False
Is 38647 a composite number?
True
Is 3797 composite?
False
Is 3251 composite?
False
Is 382999 prime?
True
Is 357473 composite?
False
Is 68863 prime?
True
Is 555371 a prime number?
False
Is 21169 prime?
True
Is 1108457 prime?
False
Is 19907 a prime number?
False
Is 106 a prime number?
False
Is 236173 a composite number?
True
Is 244207 prime?
False
Is 4481 a composite number?
False
Is 17209 a composite number?
False
Is 38543 prime?
True
Is 4783 composite?
False
Is 4341 a composite number?
True
Is 632582 a prime number?
False
Is 81343 a prime number?
True
Is 16499 a prime number?
False
Is 7997 a composite number?
True
Is 963581 prime?
True
Is 6122 composite?
True
Is 4729 composite?
False
Is 195214 a prime number?
False
Is 21377 a composite number?
False
Is 5981 prime?
True
Is 31753 prime?
False
Is 155951 composite?
True
Is 501959 a composite number?
True
Is 26327 a prime number?
False
Is 524219 a composite number?
False
Is 319885 a prime number?
False
Is 4169 a prime number?
False
Is 9007 a composite number?
False
Is 3386 composite?
True
Is 7169 composite?
True
Is 2417 prime?
True
Is 13457 prime?
True
Is 34781 composite?
False
Is 7187 a prime number?
True
Is 108098 a prime number?
False
Is 552635 a prime number?
False
Is 95453 prime?
False
Is 709703 a composite number?
False
Is 79783 prime?
False
Is 955201 prime?
False
Is 16301 a composite number?
False
Is 370553 a composite number?
True
Is 14029 a composite number?
False
Is 177159 composite?
True
Is 39595 prime?
False
Is 397 prime?
True
Is 31103 a composite number?
True
Is 45371 a prime number?
False
Is 5531 a prime number?
True
Is 16795 composite?
True
Is 48179 a prime number?
True
Is 816427 a prime number?
True
Is 13963 composite?
False
Is 7297 prime?
True
Is 581363 a prime number?
False
Is 5129 composite?
True
Is 13019 prime?
False
Is 1062533 a prime number?
False
Is 167801 a prime number?
True
Is 216751 a prime number?
True
Is 223502 a composite number?
True
Is 19517 composite?
True
Is 52645 composite?
True
Is 467221 a prime number?
False
Is 383413 composite?
True
Is 172999 prime?
True
Is 444109 a prime number?
True
Is 118639 a composite number?
True
Is 65153 a prime number?
False
Is 118099 a composite number?
True
Is 2261379 a composite number?
True
Is 37217 a composite number?
False
Is 46677 a prime number?
False
Is 25031 composite?
False
Is 13705 prime?
False
Is 534005 prime?
False
Is 175555 a composite number?
True
Is 1537 a composite number?
True
Is 200087 a prime number?
True
Is 107441 composite?
False
Is 511801 composite?
False
Is 39019 a prime number?
True
Is 138399 composite?
True
Is 345641 a prime number?
False
Is 42379 a prime number?
True
Is 3556663 a prime number?
False
Is 2203 a composite number?
False
Is 22937 a composite number?
False
Is 2393 a composite number?
False
Is 1639 prime?
False
Is 139631 a prime number?
False
Is 347309 a composite number?
True
Is 1901 composite?
False
Is 340541 prime?
True
Is 18763 a composite number?
True
Is 441073 a prime number?
True
Is 2333 a composite number?
False
Is 39781 a prime number?
False
Is 208603 a composite number?
True
Is 21377 composite?
False
Is 310459 a composite number?
False
Is 11015 prime?
False
Is 57127 composite?
True
Is 18851 prime?
False
Is 28453 a composite number?
True
Is 5891 a composite number?
True
Is 3847 composite?
False
Is 3577861 prime?
False
Is 20714 a prime number?
False
Is 44947 prime?
False
Is 506149 a composite number?
True
Is 166063 composite?
False
Is 701 composite?
False
Is 488791 composite?
False
Is 911 composite?
False
Is 9651 composite?
True
Is 2402579 composite?
False
Is 748091 a composite number?
False
Is 92417 a composite number?
True
Is 169829 prime?
False
Is 519713 prime?
True
Is 20005 a prime number?
False
Is 1123 a prime number?
True
Is 584673 a composite number?
True
Is 12251 composite?
False
Is 54227 a composite number?
True
Is 45427 prime?
True
Is 6297 a composite number?
True
Is 1497407 a prime number?
True
Is 294771 prime?
False
Is 49027 composite?
True
Is 11969 prime?
True
Is 191965 composite?
True
Is 4187 prime?
False
Is 1266181 a composite number?
True
Is 13069 a prime number?
False
Is 368659 composite?
True
Is 28895 composite?
True
Is 7499 composite?
False
Is 166235 prime?
False
Is 1491299 a composite number?
False
Is 497461 prime?
True
Is 3259 a prime number?
True
Is 87337 composite?
False
Is 25001 a composite number?
True
Is 22978 a composite number?
True
Is 579659 a composite number?
True
Is 2317 composite?
True
Is 555089 composite?
True
Is 158563 a prime number?
True
Is 77381 composite?
True
Is 5227 a composite number?
False
Is 24194 prime?
False
Is 7651 a composite number?
True
Is 70109 a composite number?
True
Is 153133 prime?
True
Is 380609 composite?
True
Is 1893911 prime?
True
Is 73077 a prime number?
False
Is 11581 a prime number?
False
Is 428861 composite?
True
Is 15545 prime?
False
Is 251257 a composite number?
False
Is 89758 a composite number?
True
Is 15731 prime?
True
Is 132631 a prime number?
True
Is 1195187 composite?
True
Is 154237 a prime number?
False
Is 868727 prime?
True
Is 3223 a prime number?
False
Is 156309 a prime number?
False
Is 625299 a composite number?
True
Is 105091 a prime number?
False
Is 11467 a composite number?
False
Is 88603 prime?
False
Is 8129 a prime number?
False
Is 97502 prime?
False
Is 85235 a prime number?
False
Is 561829 composite?
False
Is 74569 a composite number?
True
Is 31687 prime?
True
Is 183329 prime?
True
Is 278527 composite?
True
Is 396995 composite?
True
Is 4327 composite?
False
Is 707459 composite?
False
Is 1174 prime?
False
Is 331 a composite number?
False
Is 621133 a composite number?
False
Is 63355 composite?
True
Is 13214 composite?
True
Is 341681 composite?
False
Is 2051 a prime number?
False
Is 16547 a composite number?
False
Is 26587 prime?
False
Is 19051 composite?
False
Is 365567 prime?
True
Is 603191 prime?
True
Is 223859 prime?
False
Is 409609 a prime number?
True
Is 1877873 a prime number?
True
Is 34097 a prime number?
False
Is 198361 a prime number?
False
Is 428273 prime?
True
Is 331489 a composite number?
False
Is 547223 a prime number?
True
Is 840766 a prime number?
False
Is 101267 a composite number?
False
Is 263927 prime?
True
Is 369511 a prime number?
False
Is 613753 a composite number?
True
Is 96035 prime?
False
Is 714443 a composite number?
False
Is 881551 a prime number?
False
Is 64021 composite?
True
Is 360095 a composite number?
True
Is 7451 a prime number?
True
Is 6779 a prime number?
True
Is 10531 prime?
True
Is 839 a prime number?
True
Is 906089 prime?
True
Is 13247 a composite number?
True
Is 5873 prime?
False
Is 1055 prime?
False
Is 38051 composite?
True
Is 89387 composite?
False
Is 875969 a composite number?
False
Is 1069 a prime number?
True
Is 1047373 a composite number?
False
Is 1397 prime?
False
Is 56611 prime?
True
Is 11101 prime?
False
Is 26327 prime?
False
Is 27791 a composite number?
False
Is 1269413 composite?
False
Is 1500545 prime?
False
Is 258689 a composite number?
True
Is 728407 a prime number?
False
Is 30991 a composite number?
True
Is 370361 a composite number?
True
Is 92329 a prime number?
False
Is 1166213 a prime number?
True
Is 938659 composite?
False
Is 38261 prime?
True
Is 65531 composite?
True
Is 6337 composite?
False
Is 4533 a composite number?
True
Is 35789 composite?
True
Is 41153 a prime number?
False
Is 12277 composite?
False
Is 45443 prime?
False
Is 32177 a composite number?
True
Is 240571 a prime number?
True
Is 221147 composite?
True
Is 658163 prime?
False
Is 152981 a prime number?
True
Is 68351 composite?
False
Is 87251 a composite number?
False
Is 3561 composite?
True
Is 10033 a composite number?
True
Is 17129 prime?
False
Is 38197 a prime number?
True
Is 50011 a composite number?
True
Is 3847 composite?
False
Is 74843 composite?
False
Is 43391 a prime number?
True
Is 587 composite?
False
Is 87 a prime number?
False
Is 1007 composite?
True
Is 237361 a composite number?
False
Is 25565 composite?
True
Is 135827 prime?
False
Is 7045 a prime number?
False
Is 1315835 a composite number?
True
Is 54389 a composite number?
True
Is 14293 a composite number?
False
Is 133241 composite?
False
Is 226834 composite?
True
Is 84853 a prime num